i**2 + i + 10. Let l(y) = -y**2 + 9*y - 9. Let o be l(9). Let s be a(o). Is n(s) a prime number?
True
Suppose -4*d - 4*z + 24 = 0, -d - 2*z + 6 = -2*d. Suppose 0 = 3*m + d*m, 4*f + 4*m = -16. Is 18/12 - 1222/f a composite number?
False
Let h(k) = -k**3 - 4*k**2 + 4*k - 2. Suppose 3*j - 7*j = -20. Suppose 0*l = l + j. Is h(l) a prime number?
True
Let x(q) = -11*q + 3787. Is x(0) a composite number?
True
Let s = 8575 - 3524. Is s composite?
False
Let b = 10 + -7. Let o be 3*(2 + (-4)/b). Suppose -107 = -4*t + 3*r, -o*t + 3*r - r = -56. Is t a prime number?
True
Let j = 374 - 198. Suppose 5*g + b - j = 3*b, g = -3*b + 25. Is g composite?
True
Suppose 1295 = -4*d + 5*c, 628 = -2*d - 0*d - 4*c. Let m = d - -609. Is m a prime number?
False
Let s(y) = 36*y**2 - 28*y - 13. Let m be (-10)/(-2*((-5)/2 - -3)). Is s(m) prime?
True
Let g = 59 - -9218. Is g prime?
True
Let k be -6 + (1 + 0 - -1). Let l be 8568/(-15) + k/5. Let b = l - -823. Is b composite?
False
Let k = 4108 - -1039. Is k a prime number?
True
Let v be 1*(-3)/(-6)*0 + 3155. Suppose -5*f + v = -s - 3*s, -f = 5*s - 631. Is f a prime number?
True
Suppose 12*t = 11*t + 1. Let z = t + 20. Suppose 4*q = -g + 28, -3*q = -0*q + 2*g - z. Is q prime?
True
Suppose -2352 = -4*t + 3*t. Let n be 12*(2 + (-9)/5)*5. Suppose 4*d + b = t, -3*b + n = -0*b. Is d a composite number?
False
Let q be -7 + 9 - 1*8. Is (-2)/(-3)*(-27)/q + 716 a prime number?
True
Suppose t - 2 = -0*t. Suppose 4*p - 3*h - 824 = -0*h, -t*h = -p + 211. Is p a composite number?
True
Suppose 5*m + 4*n = -51, -2*m + m - 3*n = 8. Let v = 222 + m. Is v prime?
True
Is (-4 - 2) + 632 - -3 prime?
False
Let q be 48/30 - (-2)/5. Let u(j) = 4*j**2 + 2*j. Let m be u(-4). Suppose -4*v = -q*d + 30, 4*d - 4 = 4*v + m. Is d a prime number?
False
Let i(p) = 70*p**2 - 13*p - 36. Is i(-3) a composite number?
True
Let s(t) be the second derivative of 11*t**4/3 + 13*t**2/2 - 2*t - 1. Is s(12) prime?
False
Let q(v) = -v**3 + 4*v**2 + 9*v - 3. Let a be q(6). Let c = 10 - a. Is c composite?
False
Suppose -x = 2, 3*a + 2*x = -0*a - 3688. Is 3/(12/a)*-2 a composite number?
True
Let u be (-2)/(-9) + 6/(-27). Suppose 0*j - j + 2 = u. Suppose -j*x = -3*x + 159. Is x prime?
False
Let o = 6 - 4. Suppose -2*i = 3*i - 15, -4*x - 5*i - 5857 = 0. Is 5/o*x/(-10) composite?
False
Let k(l) = -3 + 0 - l**2 + 1 + 4*l. Let o be k(3). Is (-1 - 2) + 54/o prime?
False
Let f = 4996 - -66709. Is f a prime number?
False
Let u be (-4)/(-6)*(2 + -1 + 2). Suppose -3*y + u*y + 143 = -3*i, -5*y + i = -659. Is y a prime number?
True
Suppose b + 5420 = 6*b. Suppose 5*x + b = 3*x. Is (-1)/1*(x + -5) composite?
False
Let m = 3467 - 2031. Is -3*m/(-12) + -4 prime?
False
Suppose -12 = -l - 2*y - 3, 3*y = -2*l + 16. Is (-1)/((-2)/(-10)*l/(-482)) a prime number?
False
Let k = 402 + -31. Is k prime?
False
Let o = 5 + -3. Suppose -4*n + 6*n - 4890 = 0. Suppose 0 = -4*f + 2*b + 1938, -7*f + o*f - 2*b = -n. Is f prime?
True
Let j be (-5)/5 + -41 + 2. Let q = 48 - j. Is 61699/q + (-2)/16 composite?
False
Suppose 9*f + 193 = 10*f. Suppose f = -3*k + 1690. Is k a prime number?
True
Suppose -5*g = -10, 4*g - 1 = -3*d + 4*d. Let f be (-2775 - 2)/(d - 8). Suppose -2*x = 3*s - f, x - 5*s + 4164 = 4*x. Is x prime?
False
Suppose 0 = 4*u - 5*n - 31, n - 25 = -4*u + 4*n. Suppose -3714 + 1366 = -u*k. Is k prime?
True
Let c(g) = -g**2 + 2*g + 9. Let a be c(4). Is (-11 + 12)*571/a a prime number?
True
Is (-9)/15 + ((-30340)/(-25) - -4) a prime number?
True
Let p = -630 - -965. Is p prime?
False
Let p = -1141 + 2002. Suppose 5*a = -4*x + p, 3*a - 431 = 5*x + 56. Is a a composite number?
True
Let p = 5532 - -1067. Is p a composite number?
False
Let i = 6760 - 2961. Is i prime?
False
Suppose 0 = -6*k + 546 + 6726. Suppose 2*l - 1610 = -4*u, -2*l = 3*u + l - k. Is u composite?
False
Let a = -14713 + 20720. Is a a prime number?
True
Suppose 79 = 2*y - 1267. Is y composite?
False
Suppose -m = -4*c + 28, -m - 39 = -5*c - 5. Let l(h) = -c + h + 250*h**2 + 6. Is l(1) a composite number?
False
Suppose 3*z = -6, -2*m + 4*z = 7*z - 44. Is (1/(-1) - -906) + 50/m a composite number?
False
Let k be 4 - (4 + 2*1194). Let w = k + 3355. Is w prime?
True
Let p be (-2)/4 + 3/2. Let o be 983*(0 + p - 0). Suppose -x = -1, -4*g + o = -0*g - 5*x. Is g composite?
True
Let d(i) be the first derivative of -i**3/3 - 19*i**2/2 + 21*i - 91. Let z = 42 - 59. Is d(z) a prime number?
False
Let l be 32/18 + (-6)/(-27). Suppose 3*f - i + 0 + l = 0, 5*i = 10. Suppose f = -4*o - 2*k + 148, -3*k + 0*k = 0. Is o prime?
True
Let g = 9244 - 61. Is g prime?
False
Let u(z) = 12*z**3 + 22*z**2 + 3*z - 92. Is u(15) composite?
False
Suppose 13*d - 15*d + 106395 = l, 0 = 3*l + 4*d - 319183. Is l composite?
True
Suppose 105*a = 107*a - 21094. Is a composite?
True
Let x(y) = -4*y**2 + y**2 + 3*y**2 + 7*y + 11 + y**2. Let u = -29 + 18. Is x(u) a composite number?
True
Let m(u) = -121*u + 4. Let x be m(-2). Let y = 1099 - x. Is y a composite number?
False
Suppose 196*d - 190*d = 11010. Is d a composite number?
True
Let p = 14213 + -2350. Is p a composite number?
False
Let o(h) = -1005*h - 5. Let i be o(3). Is (i/8 - -1)*-2 a prime number?
False
Suppose 3475 = 3*t - 2*r, -t + 1154 = -20*r + 15*r. Is t a prime number?
False
Let l = 73 + -75. Let q(m) = -400*m - 1. Is q(l) prime?
False
Suppose 0 = 5*c - 3*f - 30565 + 3697, -3*c + f + 16120 = 0. Let p = c + -2932. Is p prime?
True
Let m = -6571 - -16940. Is m a composite number?
False
Let q = -26 + 29. Suppose 4*r = -5*n + 6605, -r = 2*r - q*n - 4974. Is r a prime number?
False
Suppose 2*b - 1 = 3*b. Is -1 - (-3 - b) - -126 prime?
True
Let g = -58 + 27. Let z = g + 26. Is (z/(-20))/(4/48) prime?
True
Let w = -32342 + 49519. Is w a composite number?
True
Suppose -855 = -4*f + 7*f. Let i = f - -468. Is i composite?
True
Suppose 0 = 2*m - 5*v - 2266, 5*v = 4*m - 69 - 4443. Let w = -12 + m. Is w a composite number?
True
Suppose 2*o + 10*h = 7*h + 20228, 5*h + 40434 = 4*o. Is o prime?
True
Suppose 0 = -g - 4, 2*p = -3*p + 3*g + 17. Let u = 8 + p. Suppose 0 = 5*n + 3*t - 379, -4*t + u*t + 10 = 0. Is n composite?
True
Suppose 4*f + 3*i = 19, 5*f - 19 = 2*i - i. Suppose -6620 = -f*k + 4*m, -3*k + 7322 = -m + 2353. Is k a prime number?
True
Let k(d) = 48*d - 17. Let j be k(13). Let y = j + 110. Is y a prime number?
False
Suppose -31 + 11 = -4*k. Let d(n) = n**2 - 2*n - 4. Let u be d(k). Let f(x) = 17*x + 12. Is f(u) prime?
True
Let p(h) = 2*h**2 + 87. Suppose 0 = -4*f - 7*f + 2*f. Is p(f) a prime number?
False
Let b be 8/(1 - 3)*2. Is (-4)/b*-2 + 672 a composite number?
True
Let s = 51703 - 30282. Is s prime?
False
Let k(t) = 93*t + 2. Let n(u) = -u. Let p(g) = -k(g) - 3*n(g). Let r(y) = y**2 + 4*y - 2. Let j be r(-4). Is p(j) a prime number?
False
Suppose 2*g = -4*u + 442, -7*g + 3*u + 1118 = -2*g. Suppose l - g - 108 = 0. Is l a composite number?
False
Let c(x) = 601*x**3 - 5*x**2 + 8*x - 1. Let f be c(3). Suppose 0 = -22*p + 15*p + f. Is p a composite number?
True
Suppose -4*a + 307 + 829 = p, -4*p = -3*a - 4468. Suppose 0*f + p = f. Suppose u - 387 = f. Is u a composite number?
True
Suppose 7*w - 10*w - 2*p + 78901 = 0, 2*w = 2*p + 52614. Is w composite?
True
Let o be (-3)/((-2)/4*2). Suppose -y - 4*y - 2632 = -m, -4*m = -o*y - 1586. Is -1*y*2/4 composite?
False
Let p = -12492 - -24023. Is p a prime number?
False
Is (4660 - 0/2) + -1 a composite number?
True
Let m(z) = z**2 + 3*z. Let r(u) = 2*u**2 + 7*u. Let h(a) = 9*m(a) - 4*r(a). Let t be h(1). Suppose 0 = l - 5*k - 103, 4*l - 4*k - 439 - 5 = t. Is l composite?
False
Let q = 7518 + -3893. Let p = q - 2368. Is p a composite number?
True
Suppose v + 3*w + 2 = -0*v, -5*w + 2 = -v. Let m be 90/27 - v/3. Suppose -3*k - m*i + 895 = 0, 3*k = 7*k + 5*i - 1194. Is k composite?
True
Let x(c) = c**3 + 12*c**2 - c - 11. Let n be x(-12). Is n/(-3)*-9 - -188 a composite number?
False
Is 162752/3 - 135/(-405) composite?
False
Let b(m) = -714*m**3 + 10*m**2 + 12*m + 21. Is b(-4) prime?
False
Suppose 4300 + 264 = 7*f. Suppose 0 = -5*q + 9*q - f. Is q a prime number?
True
Let g be ((-46)/14 - -3)*-7. Suppose -g*c + 56 = -564. Suppose j - 5*h + 3*h = 315, j - c = h. Is j a prime number?
False
Suppose -4*d + 371 = t, 2*t + 3*d = -d + 758. Suppose -t = -5*l + 4*x, 3*l = -3*x + x + 241